-8 - (4 - 10))?
-6
Evaluate -2 - ((3 - 1) + 7 + -5).
-6
Calculate -3 + 1 + -4 + 1.
-5
What is the value of -32 - -33 - (-2 - -5)?
-2
-2 - (-6 + 2) - 7
-5
Evaluate -4 + 6 - 4 - (-7 - -2).
3
What is the value of 3 + (-1 - 1) + -4 + 7?
4
What is -7 + 4 + 1 + -2 + 1?
-3
What is -6 - (-17 + -1 - -4 - 0)?
8
What is (7 - -13 - 11) + -15?
-6
Calculate -5 + -3 - (-8 - 1).
1
What is (3 - 7) + 2 + -11 + 12?
-1
Evaluate (34 - 12) + -21 + -6 + 0.
-5
Evaluate 2 + -2 - -3 - (-5 - -12).
-4
Evaluate (12 - 13) + (1 - 4).
-4
What is -1 - (-2 - -2) - (3 - 4)?
0
6 + -4 - (-1 + -2 + 3)
2
(-3 - (-3 + 7)) + 7 + 3
3
Evaluate -6 - (-7 + (-1 - 1) - -2).
1
What is 9 + (-15 - 0 - -8)?
2
Calculate -10 + 21 + (3 - 17).
-3
What is the value of -2 - (-10 + 3 + 2 + 4)?
-1
What is the value of (-1 - 0) + 0 + -1 + -1?
-3
Calculate -10 + 21 + 2 + -9.
4
Calculate -4 + 20 + (9 - 21).
4
What is the value of 8 + -7 - 9 - -2?
-6
(5 - 5) + 0 - 4
-4
Calculate -6 + 6 + (1 - 0).
1
Calculate 3 - (-1 - 0) - 8.
-4
What is 6 + (3 - (3 - -5 - 1))?
2
What is the value of -12 - -3 - (-3 - 1)?
-5
What is -57 + 44 - (-22 + -2)?
11
Calculate -1 + (5 - 8) + -1.
-5
What is (5 - 3) + 2 + -7?
-3
What is 9 + (0 - (-4 + 9) - -1)?
5
What is 9 - (2 + 1) - (-3 - -4)?
5
Evaluate -5 + (0 + 8 - (0 + 4)).
-1
Calculate (-1 - 5) + 2 + 1 + 0.
-3
Calculate 9 - (-10 + 0 + 18).
1
Evaluate 0 + 1 + (-2 - -8 - 2).
5
What is (-2 - (-3 - (4 - 1))) + 0?
4
What is -4 - (2 - -2 - 6)?
-2
What is 19 - (-2 - (0 + -14))?
7
What is the value of (10 - 16) + 1 + 4?
-1
What is the value of 5 - (15 + -7 - 3)?
0
Calculate (2 - (2 + 0 - -2)) + -2.
-4
Calculate -1 + (-4 - 1) + 1.
-5
Calculate 8 + (-9 - (9 + -13)) - 5.
-2
What is the value of 5 - (14 - (2 - -12))?
5
What is 2 + 2 + (1 + 0 - 0)?
5
4 + (-2 - -2) + 1 + 0
5
(10 - (-13 - -34)) + 3
-8
What is 4 + 0 + -1 + -3?
0
-6 + 0 + 13 - 0
7
-5 + (-3 - (-1 - -4) - -4)
-7
Calculate 32 + -38 + 1 + -1.
-6
Evaluate (-3 + -1 - -6) + 2 + -3.
1
Evaluate -1 - (3 - (1 - (5 - 3))).
-5
Calculate -5 + (1 - -7 - 0) - 6.
-3
What is the value of (0 - 1 - -1) + -1 + 5?
4
What is the value of (-3 + 1 - 0) + 4?
2
What is the value of 0 + (-6 - (-5 - -1)) + 4?
2
What is -1 - -3 - (-1 - (1 + -1))?
3
Calculate -2 - (-6 + -6 + 10).
0
What is the value of (-4 - -4) + -4 - -5?
1
What is the value of -14 - (-14 + 7) - -4?
-3
Evaluate -2 + 8 + -7 + -8.
-9
What is the value of 162 + -153 - (1 - 0)?
8
Evaluate (-7 - (-4 + -7)) + -3.
1
What is -3 - ((-1 - -1) + (2 - 6))?
1
Calculate 10 + 5 + (-8 + 2 - 2).
7
What is -4 + -1 - (7 + -13)?
1
What is the value of (-3 - 4) + (4 + 2 - 3)?
-4
6 - 1 - (45 + -45)
5
Evaluate -2 + (1 - -2) - (0 - 1).
2
What is 10 + 10 + (-3 - 14)?
3
-2 + 2 - (4 - 1)
-3
1 + 0 - ((8 - 25) + 13)
5
What is the value of -11 + (15 - (2 + -1))?
3
Calculate 1 + -11 + (4 - (3 + -4)).
-5
What is the value of (16 - 8) + -20 - (-4 - 1)?
-7
What is 2 - -4 - 4 - (1 + 2)?
-1
Calculate 5 + -32 + 12 - (-8 - -1).
-8
Evaluate -2 + (-4 + -1 + 6 - 4).
-5
-3 - (-2 + 1 + -6)
4
What is -13 - (-2 + -7 + 5) - 0?
-9
4 - (-1 + -1 - -10 - -2)
-6
Calculate 2 + -9 - (-23 + 19).
-3
5 - (-1 + 6 + -4)
4
-3 + -2 + 1 + 1 + 0
-3
Calculate 9 - (14 + -7 + 7).
-5
Calculate 2 + -7 + (-6 - -1 - -1).
-9
-8 + 12 + -18 + 8 + 2
-4
-7 + 1 - (-6 - -4 - 1)
-3
Calculate (10 + -17 - (1 - 2)) + 3.
-3
Calculate (-1 - (-3 - 4)) + -1.
5
Calculate 0 + (1 - ((7 - 2) + -4)).
0
Calculate 1 - (0 + -3) - (-1 + 13).
-8
Evaluate 85 - 96 - (-1 - 6).
-4
What is 6 - (14 + 2 + 12 + -16)?
-6
Calculate -12 + -1 - (-40 + 32).
-5
Calculate (1 - -4) + -18 + 7 - -13.
7
Evaluate (-1 - 3 - (2 - 7)) + -2.
-1
What is -2 + 3 + -1 - (-82 + 80)?
2
What is 4 + -3 - (-5 + 7)?
-1
Calculate (4 - (1 - -4)) + 1 - -4.
4
1 - (1 - -3) - (-36 - -32)
1
Calculate (-14 - -6 - -7) + -1 + 8.
6
Calculate 4 + 1 - 4 - 5.
-4
Calculate (7 + -11 - -12) + -4.
4
What is the value of 10 + -10 + 7 + (1 - 15)?
-7
Calculate 1 - 2 - (-5 + 9 - 1).
-4
Calculate 2 + (-14 + 11 - (-1 - -2)).
-2
-1 + 1 + (-6 - (-3 - -1))
-4
What is the value of -18 - (12 - 23) - -8?
1
(-10 - -12) + (1 - 1)
2
Calculate -2 + -2 + 1 + 2 - 1.
-2
What is 0 + (0 - -6 - 3)?
3
Evaluate (3 - -3) + (4 - 9).
1
-8 + 7 + 2 + 3 + 1
5
Calculate 8 - (2 - ((8 - 2) + -8)).
4
Calculate 2 + -4 + -1 + -3.
-6
What is (-3 - -6) + -1 + 3 - 3?
2
Evaluate -1 + 5 + 1 + -3 + -4.
-2
Calculate 1 + 0 + (-9 - -5) - -2.
-1
-1 - 2 - (-3 - 2) - -3
5
Evaluate -2 + -3 + (-1 + 4 - -1).
-1
Evaluate (-43 - -24 - -18) + 5 + 1.
5
What is -13 + 6 + 7 + 5?
5
What is -3 + (23 - 14 - -3)?
9
Calculate -3 - (1 - (-3 + 8)).
1
Calculate 0 - (0 - -3) - -5.
2
What is the value of 9 + 0 + -13 + 7?
3
Calculate 1 + (0 - (8 - 2)).
-5
Calculate -8 - (-1 + -3 + -2 + 4).
-6
What is the value of -7 - (8 + -18) - -4?
7
What is the value of 5 + -3 + (-5 - (2 - 3))?
-2
-1 - 0 - (-6 - 1)
6
(13 - 3) + 43 + -51
2
Calculate -3 + 4 + (6 - 12).
-5
What is the value of 0 - -4 - (8 + 6 + -9)?
-1
4 + 4 + 0 - 13
-5
What is the value of 0 + 0 + 0 - (-3 - -1)?
2
What is the value of -3 + 2 + 3 - 4?
-2
-10 - (5 + -17 + 10)
-8
Evaluate -2 - -13 - (-29 + 32).
8
Evaluate 11 + 2 - (-13 + 16 - -4).
6
Evaluate -2 + 1 - (-11 + (7 - 1)).
4
Evaluate (-3 - 1 - -4) + -6 - -3.
-3
Evaluate -1 - ((-1 - (-6 + 4)) + 0).
-2
What is 3 + -1 - (26 + -15)?
-9
Calculate 4 + 3 + -4 - (-14 - -14).
3
What is the value of (-6 + 4 - -3) + 4 - 0?
5
What is 0 - -1 - (0 + -3 + 5)?
-1
What is -4 - (4 - 7) - 2?
-3
-5 + (-1 + 0 - -3)
-3
Calculate 4 - -7 - (48 - 37).
0
What is -2 - (-4 - (-5 - -2 - -5))?
4
2 + (-3 - (1 + 0 - -3))
-5
Calculate 11 - (-5 + 14 - 2 - 2).
6
Calculate (-1 - 0 - 0) + (-9 - -12).
2
Evaluate -14 - (6 - (6 - -7)).
-7
What is the value of 0 + -1 - (46 + -51)?
4
Calculate 13 + -8 + (7 - 11).
1
What is 3 - (5 + (-7 - (2 + -4)))?
3
What is -6 - (2 - (5 - -4))?
1
What is -6 - -9 - (9 + -3 + -1)?
-2
What is the value of 0 + 6 + -11 - (2 - 3)?
-4
Calculate 4 + (3 - 3) + -4 + 2.
2
Evaluate (4 - 5) + 5 + 2 + -1.
5
Evaluate 1 + -5 + 5 - 1.
0
What is the value of 7 - (-3 + -4 + 10)?
4
15 + (-8 - -1) + -8
0
-1 + -2 + (3 - (-1 - -2))
-1
Calculate (2 - 0 - 3) + -1.
-2
Evaluate (-17 - -10) + 5 + 2 + 0.
0
What is the value of 7 + -6 + -6 + (1 - -2)?
-2
What is the value of -3 - -1 - (-12 - -7)?
3
What is the value of (-3 - 2) + -6 + 10 + 6?
5
Evaluate (-19 - -9) + 14 + -6.
-2
Evaluate 3 + -12 + 2 + 14.
7
What is 1 - 3 - (-4 - (-3 - -1))?
0
-2 + -2 + 6 - (-2 + -1)
5
What is the value of (-1 - (5 - 10)) + (-3 - -1)?
2
-19 + 22 + (-5 - (0 + -2))
0
Calculate -6 - (4 + -8 - (1 - 2)).
-3
Evaluate -9 - ((-1 - (0 + 1)) + -3).
-4
What is the value of (8 - 5) + -1 + 1?
3
Calculate 4 - (-3 - -5 - 1).
3
Calculate 9 - (6 - 0) - 0.
3
What is the value of (8 - 5 - 6) + -1 + -1?
-5
Evaluate -9 - -7 - (4 + -1).
-5
What is (-1 - -3) + 0 + -5?
-3
What is the value of -19 - -24 - (2 - -9 - 2)?
-4
Evaluate 3 + -3 - (0 + (-3 - -8)).
-5
What is the value of (8 + (-8 - -5) - 7) + 0?
-2
Evaluate (-4 - (3 + 3)) + 5.
-5
1 + 0 - (4 + 1)
-4
What is -4 - (-5 - 1 - 2)?
4
3 + (-2 - -2) - (-139 + 137)
5
What is 9 + -7 + (1 - 0)?
3
Calculate 7 + -4 - -7 - 7.
3
3 + -2 + 2 + 2 + 0
5
(14 - ((3 - -4) + -1)) + -7
1
What is the value of -7 + 2 - (2 + -3)?
-4
2 + (-2 - (-2 - 0))
2
What is (8 - (-2 + 11 - 2)) + -3?
-2
What is the value of (1 - -5) + -8 - (0 - 1)?
-1
What is the value of 2 - (-5 + 4 + 6)?
-3
What is (-9 - (-10 - -5)) + 8?
4
What is the value of (19 - 13) + 4 + 1?
11
What is 5 - 2 - 2 - (-3 - -4)?
0
3 + (-1 - 1 - -3) - -1
5
What is the value of 4 - (3 + (1 + -1 - 2))?
3
Calculate (-2 - 0) + (10 - 12).
-4
What is the value of (0 - (3 + -7)) + -9?
-5
21 + -16 + -9 + 6 + 0
2
Calculate -6 - (4 + (5 - 10)).
-5
Evaluate 3 + (7 - (0 - -4)).
6
Calculate 3 - (-4 + 2 - 2 - -2).
5
Calculate (10 - 8) + -2 + 1 + -1.
0
What is -5 - (-12 - (-5 + -5 - -6))?
3
Calculate -2 + -7 + 7 + -1.
-3
What is the value of 0 - -2 - (2 + 1 + 1)?
-2
Evaluate 4 + -6 + (4 - -4) + -3.
3
Calculate 0 + (0 - -1 - -1).
2
Calculate 1 + 5 + (-4 - -4).
6
What is the value of 1 - -3 - 5 - -3?
2
(0 - -6) + (5 - 11) + -5
-5
Calculate 0 - (-10 + 8 + -6).
8
What is 6 + 2 + -3 + -1?
4
5 + 0 - (-5 + 7)
3
What is the value of -4 - (-4 - (11 + -6 - 10))?
-5
Evaluate 0 + 3 + (11 + -3 - 7).
4
What is -2 - (3 - -3 - 3)?
-5
Calculate -5 - 0 - (-8 - 0).
3
What is the value of -1 - (2 + (6 - 4))?
-5
Wh